ime number?
True
Let r(m) = -17*m**3 + 9*m**2 - 14*m + 17. Let t be r(6). Let u = 5192 + t. Is u a composite number?
False
Suppose 3*q - 6300 - 1623 = 0. Let a be (-17)/(-34) - (0 - q/2). Suppose -2*g = -a - 3. Is g prime?
False
Let j(g) = -2*g - 13. Let s be j(-10). Let z be s*((-58)/(-14) + (-48)/12). Is z*166*(-2)/(16/(-4)) a composite number?
False
Let a = 2062 + 31159. Is a prime?
False
Suppose -2*t = 2*g + 6, 9*g = 8*g + 4*t + 22. Suppose 3*o + 12 = 0, -5*o = g*y + 1841 - 14191. Is y a composite number?
True
Let u = -626293 + 949452. Is u a prime number?
False
Let j = 149268 + -105114. Suppose 20*i = 2*i + j. Is i a composite number?
True
Let k = 29 + -27. Suppose -4*w + 12 = k*w. Suppose 0 = w*f + 443 - 2605. Is f composite?
True
Let a(f) be the first derivative of -13/2*f**2 + 33*f + 4. Is a(-4) composite?
True
Suppose -3*k = -2*g - 1797, -2*g + 9*k - 1807 = 4*k. Let n = g - -1632. Is -1*((-2)/6)/(13/n) composite?
False
Suppose 20*w = 494562 + 139798. Is w a composite number?
True
Suppose -2*b = -3*h - 268, -2*h + 3*h = 3*b - 388. Let y = b - -921. Is y prime?
True
Let c = 31 - 28. Let k(j) = -142*j - 5. Let n be k(c). Is (-9 - n)/((0 - 2)*-1) a prime number?
True
Suppose -13 + 53 = 4*j. Suppose 0 = -g + 4*x + 4, 4*x + 0 = 4*g - 4. Suppose g = -j*f + 6*f + 1780. Is f prime?
False
Let u = 19 - 4. Suppose -15092 = -5*t - x, -6029 = 13*t - u*t - 3*x. Is t a prime number?
True
Suppose -19160*v + 19157*v + 134781 = 0. Is v a composite number?
False
Suppose -2*z - 3*r = 72, 3*z - 4*r + 142 = -0*r. Let b = z - 68. Is (b/(-20))/((-2)/(-292)) a composite number?
True
Let m(d) = 226*d**2 - 2*d + 11. Suppose -17*s + 39 = -4*s. Is m(s) prime?
True
Suppose -6 - 4 = -2*m. Let u be -7*(m - 4)*(1 + -336). Suppose 5*s + 2*s - u = 0. Is s a prime number?
False
Let w(q) = 32*q**3 + 23*q**2 - 176*q - 49. Is w(20) a prime number?
True
Let r be 6/(9/3 + -2). Let d be (2 - 1/1) + r/6. Suppose 3*g - 3*i + 2*i = 1245, -3*g - d*i = -1245. Is g composite?
True
Let c(f) = -5*f**2 + 23*f + 68207. Is c(0) a composite number?
False
Let y(z) = 757*z**2 + 37*z - 213. Is y(7) a prime number?
True
Let r(g) = -36*g**3 - 3*g**2 + 2*g + 4. Let w be r(-1). Suppose 0 = 2*q + w*z - 31*z - 18714, -3*q = 3*z - 28071. Is q a composite number?
True
Let l(i) = 1 + 2*i + 0*i + 2. Let y be l(-2). Let o(j) = -419*j**3 + j**2 + 3*j + 2. Is o(y) prime?
True
Let z = -17436 + 34217. Is z prime?
False
Let y = 16 + -7. Let f(z) = -z**2 + 10*z - 6. Let a be f(y). Suppose 0*d + 5*d = 0, -2*d = a*t - 921. Is t a prime number?
True
Let f = -41 + 45. Suppose 0 = -4*z + 3*x - 245, f*z + 3*x = 3*z - 80. Let b = 118 + z. Is b composite?
False
Let l be 4*(5 + -4) - -56. Suppose -64*d + k + 4844 = -l*d, -5*d = 2*k - 6055. Is d a composite number?
True
Let h(j) = -14*j + 10. Let b be h(5). Let i = b - -62. Suppose 5*g = -5*u + 1890, -i*u + 851 = 3*g - 282. Is g a prime number?
False
Suppose -2*u + 4*a = -u - 38, 0 = 3*u + 5*a - 29. Let w = 32 - u. Suppose 12*x - w*x + 610 = 0. Is x a composite number?
True
Is 20063/((-2)/6 + 198/(-2052)*-4) a composite number?
True
Let t be -9564 - 2/(2 - (-4 - -4)). Let a = t - -14826. Is a a composite number?
False
Let d(x) = -15378*x - 15 + 3*x**3 + 15377*x + 6 + 11*x**2 - 2*x**3. Suppose -5*n + 13 = 2*b, 0 = -4*b - 3*n + 7*n - 44. Is d(b) prime?
False
Let s(n) = 56*n**2 - 44*n + 481. Is s(16) prime?
False
Let k(w) = 26 - 13*w**2 + w**3 - 14 - 43 + 36*w**2 - 10*w. Is k(-22) a composite number?
False
Suppose -1127229 = -3*z - 5*y, -375743 = 7*z - 8*z - 4*y. Is z a prime number?
True
Let n(o) = 51792*o - 3. Let s be n(1). Is 6/4 + 2/(12/s) prime?
False
Let t(m) = 141320*m - 1903. Is t(3) composite?
False
Suppose 1149*b - 1099*b - 400650 = 0. Is b a composite number?
True
Let b(g) be the second derivative of g**3/3 + 21*g**2/2 - 8*g. Let t be b(-9). Is t/2*(-2260)/(-30) + -4 composite?
False
Suppose -353429 - 991921 = -30*c. Is c prime?
False
Let v be 1 - 6/8 - 15/(-4). Suppose 4*q - 10 = a + 21, -40 = -v*q + 4*a. Suppose 0 = d - q*d + 2670. Is d a composite number?
True
Let b(r) = -3*r**2 + 2*r + 5270. Let p(n) = 10*n**2 - 6*n - 15811. Let j(o) = 7*b(o) + 2*p(o). Let m be j(0). Suppose 0 = -6*h + m + 198. Is h a prime number?
True
Let w = -399 + 407. Let b(g) = 67*g + 5. Is b(w) a prime number?
True
Let u = 54 + -51. Suppose -4*w + 24184 = -u*i, -13*w = -16*w + 5*i + 18127. Is w composite?
True
Suppose -3*v = -2*c - 46927, 313*c - 318*c - 10 = 0. Is v prime?
True
Is (9/((-135)/10))/((-14)/3185511) a prime number?
False
Let a be (-294)/(-210) - (-13)/5. Let l(w) = 73*w**3 - 7*w**2 - w + 17. Is l(a) composite?
True
Is (2838886/(-309))/((-4)/6) composite?
False
Suppose 9357 - 213 = 8*x. Is x/2 + 2/(-4) a prime number?
True
Is -375395*((-7)/5 - (-150)/125) a prime number?
True
Let h be (15188/20)/(0 + (-2)/(-10)). Let i = -1426 + h. Is i a composite number?
False
Suppose -26*f + 33*f = -34426. Let d = 2733 - f. Is d composite?
True
Let l be 7 + -1 - 10/5. Let i = 4302 + -2532. Suppose -2*d - 4*q + i = 0, -l*q + 4451 = 5*d - 7*q. Is d a composite number?
True
Let c = 2981450 - 1891839. Is c a composite number?
False
Suppose -3*o = 5*u - 16415, -o - 14627 - 1788 = -5*u. Let m = 5082 - u. Is m a composite number?
True
Let y(s) = -17*s + 13. Let j be y(2). Let x(h) = -167*h + 100. Is x(j) composite?
False
Suppose 178*n = 156*n + 1992782. Is n a prime number?
False
Suppose -4*l = -3*f + 143, 3*f - f - 107 = 5*l. Suppose -3512 = -f*w + 37*w. Is w a composite number?
True
Let u = -216 + 224. Suppose -3*s - 5*o = -922, u*o = -2*s + 5*o + 613. Is s prime?
False
Suppose -184234 = -3*g - 5*r, -4*g + 3*r = -115008 - 130589. Is g composite?
False
Let v(p) = 7*p**2 - 13*p + 1. Let r be v(19). Let c = r - 804. Is c composite?
True
Is 0 + 28717 + 14 - 4 composite?
True
Let x be ((2 - -8) + 700/(-35))/(-2). Let n(w) = -55*w**2 + 9*w. Let t(i) = i**2. Let k(b) = -n(b) - 3*t(b). Is k(x) a prime number?
False
Let j(s) = -s**3 - 8*s**2 + 3*s - 6. Let i be j(-7). Let y = -85 - i. Is (2787/y)/((-1)/3) a prime number?
True
Suppose -124 = -2*j - 2*o, 32*j + 2*o = 35*j - 191. Suppose j*l = 82*l - 43871. Is l prime?
True
Let p(c) = -3*c**2 + 15*c - 8. Let h be p(4). Suppose 0 = -4*v - 2*s + 127468, -2*s + 20060 = -h*v + 147528. Is v composite?
True
Suppose -3*u + 84 = 5*n + u, 3*u = 4*n - 92. Is 1012 - 10/(n/6) a composite number?
False
Suppose 0 = -169*j + 165*j. Suppose j = 2*n - n + 5*z - 1369, -4*n + z + 5476 = 0. Is n a prime number?
False
Suppose 3*j - 8 = 1. Suppose -1652 = -c + 3*t, -8*c + j*c + 8210 = -5*t. Is c a prime number?
True
Let g be (0 - 1) + ((-630)/15)/(-6). Let z(d) = d + 11. Let x be z(0). Suppose h - 1594 = -2*v, v + x*h - g*h = 797. Is v a composite number?
False
Let j(w) = -3*w - 63. Let f be j(-24). Suppose f*r - 34*r + 184825 = 0. Is r a composite number?
False
Suppose -24*x - 768 = 8*x. Is 2*3/x*-2092 a composite number?
False
Suppose -2*n + 8431088 = 2*q, 5302564 + 3128521 = 2*n + 3*q. Is n a prime number?
False
Suppose 0 = -z + 2. Suppose 4*r + z*m - 7041 = m, 0 = 3*r - 5*m - 5252. Is r a composite number?
False
Let g = 8 + -5. Suppose 1866 = 2*x - g*a - 2225, -2*x = -4*a - 4090. Is x prime?
False
Suppose -w + 267 = -4*q, 2*q = q + 2*w - 65. Let g = -64 - q. Is 316 + g + (2 - 4) prime?
True
Let v(w) = 11*w - 8. Let m be v(1). Suppose 0 = 3*c + m, -2*n - 7 = -4*c - 35. Suppose -n*b = -b - 3201. Is b a composite number?
True
Let r = 38 + -25. Suppose 3*i + r = -4*n + 8*i, -11 = 3*n - 4*i. Suppose 1641 = n*f - 450. Is f composite?
True
Suppose -53033 = -3*f + 36274. Is f prime?
False
Let a be 2/6*(1 + 5). Suppose 0*g = a*g - 5042. Is g composite?
False
Let h be (1 + 745)*(0 - 1). Let o = -11134 - -9253. Let v = h - o. Is v a composite number?
True
Let p(j) = 7247*j**3 - 8*j**2 + 9*j - 11. Is p(3) prime?
False
Suppose 2*a + 116 + 1200 = 0. Let f = 869 + a. Is f composite?
False
Suppose -p = s - 175196 + 8286, 3*p + 166906 = s. Is s composite?
False
Let g(o) = -50458*o - 5305. Is g(-6) composite?
True
Let h = -43 - -45. Let b(o) = 758*o**2 + 4 - 9 + 252*o**h - 2*o + 6. Is b(1) prime?
True
Suppose -55*z - 296260 = -1735445. Is z prime?
False
Is 80169*(16 - (-516)/(-36)) a prime number?
False
Suppose 61 = -0*o + 4*o - 3*g, -5*o + 3*g = -77. Suppose s + 9 = o. Let m = s